 y.
38
Let q(s) = 48*s**2 + 4*s - 37. Let u be q(-5). Suppose -u*k + 3564 = -1139*k. What is the highest common divisor of 33 and k?
33
Suppose -2*a + 49 = z, 39 = -4*a + 5*z + 130. Let t be ((-8)/(-6))/((-2)/9). Let d be 4/t*(-108)/1. What is the highest common factor of d and a?
24
Let b(v) = 1520*v - 167. Let w be b(1). Calculate the highest common divisor of 82 and w.
41
Let u = 3 + -1. Let j(n) = 2*n**2 + 3*n - 3*n - 5 + 3*n - 6*n + 2*n. Let w be j(u). What is the greatest common factor of 13 and w?
1
Suppose -63*c + 250 = -38*c. Suppose -3*m - c = 2*m, -3*m = 4*y - 302. What is the highest common divisor of y and 33?
11
Let r(d) = d**2 + 10*d - 14. Let t be r(-12). Suppose 0 = 7*p + 5 - 117. Suppose -14 = -a + p. Calculate the highest common divisor of t and a.
10
Suppose 5*o + 0*o = -775. Let x = o + 60. Let i = x - -145. Calculate the highest common divisor of i and 20.
10
Let z = -1217 + 1240. Let b = 510 - 257. What is the greatest common divisor of z and b?
23
Suppose -3*b = 27, 236 = 4*a - b + 99. Calculate the greatest common divisor of a and 488.
8
Let m be 232/3*(16 - 13). Suppose 3*x + 211 = m. Calculate the highest common factor of 14 and x.
7
Let o = -157 - -117. Let g be (4 - 392/35)/(6/o). Calculate the highest common factor of 48 and g.
48
Let n be (0 - (-1)/(-4))/((-2)/8). Let c be n - -1 - (-15)/3. Suppose -3*s = -y - 142, 4*y + 24 = s - 5. Calculate the highest common factor of c and s.
7
Suppose -w + 4 = 0, 0*c - 2*w - 252 = -2*c. Suppose 37 = 12*l - 275. Calculate the greatest common factor of c and l.
26
Let m = 3524 + -3506. Calculate the greatest common divisor of 1854 and m.
18
Suppose -q + 16 = 2*g, 0 = -62*g + 64*g - 4. What is the greatest common divisor of q and 1748?
4
Suppose -5*c + 601 = 251. Suppose c*a - 192 = 66*a. Calculate the highest common factor of 744 and a.
24
Let g be -2 - -8 - 3/4*-12. Calculate the greatest common factor of g and 55.
5
Suppose -874*m + 902*m - 5460 = 0. What is the highest common factor of m and 11037?
39
Suppose -39320 = -4*x - 4*s, 14*x = 9*x - 2*s + 49129. Calculate the greatest common factor of 627 and x.
209
Suppose -x - 5*a = -10*a - 1234, 3*x + 3*a - 3666 = 0. Calculate the highest common factor of 576 and x.
72
Let z = -9534 - -15009. What is the greatest common factor of 1533 and z?
219
Let i be (-3)/2*36/(-27). Suppose 73 = 3*g + 2*p, -3*g = -i*g - 5*p - 30. What is the highest common factor of 5 and g?
5
Let s(c) = -c**3 + 2*c**2 + c + 1. Let p be s(3). Let k(j) = -29*j - 127. Let f be k(p). What is the highest common divisor of f and 42?
6
Let h be (-2)/8 + (-105)/(-4). Let t be (156/10)/(87/(-435))*8/(-3). Calculate the highest common factor of t and h.
26
Let i = 372 - 701. Let t = 366 + i. Calculate the greatest common divisor of 1 and t.
1
Let h(d) = 1 + 4*d**3 + 8 - 3*d**3 + 12*d**2. Let r be h(-9). Suppose 1212 = 6*o + r. Calculate the highest common divisor of 20 and o.
20
Suppose 4*x = -854 + 3506. Suppose 105 = -31*s + x. Suppose -4*g = -7*g + 54. What is the greatest common factor of s and g?
18
Let k = -2825 + 3140. Calculate the highest common divisor of 180 and k.
45
Suppose -5*d - 505 = -3*f, -2*d + 5*d = -5*f - 303. Let g = -102 - d. Let o be (-7)/g*4/7. What is the greatest common divisor of o and 32?
4
Let i(s) = -s**2 + 22*s - 85. Let w be i(17). Suppose w = -2*p - 3*p - 5*u + 555, -5*p - 3*u + 549 = 0. Calculate the greatest common factor of p and 180.
36
Suppose -111195 = -55*i + 54190. What is the highest common divisor of i and 93?
31
Suppose 85196 = 59*x - 105481 + 57691. Calculate the greatest common divisor of x and 49.
49
Let j be 1*(1148 + (18 - 4)). What is the greatest common divisor of j and 14?
14
Let a(c) = 124*c - 1180. Let h be a(33). What is the greatest common factor of h and 160?
32
Let i = 27 + 197. Suppose 57*o - 70 = 52*o. What is the greatest common factor of i and o?
14
Suppose 32*x - 4707 + 4863 = 15420. What is the greatest common factor of x and 11?
1
Suppose -8*o = 3*o - 3003. Let g = -237 + o. Calculate the greatest common factor of 84 and g.
12
Let u(q) = q**2 + q - 9. Let x be u(13). Suppose -x*b + 174*b = 144. What is the highest common factor of b and 54?
18
Suppose 3*q - 3015 = -4*u + 643, 0 = 3*q + 6. Calculate the greatest common factor of u and 44.
4
Let m be (-3)/((-5)/2*(-8)/(-40)). Let i be m/(-4)*(-12)/(-9). Let t be (i + -152)*36/(-42) + 1. What is the highest common factor of 19 and t?
19
Suppose 13322*k - 4576 = 13300*k. Let o = 43 + -17. What is the highest common factor of k and o?
26
Let v be 9 - (254/2)/((-8)/72). What is the greatest common factor of 1296 and v?
144
Let a be (3 - 2 - 1) + 1 - 3. Let x be a*(-1 + (-52)/8). Suppose -18 = -887*h + 885*h. What is the greatest common factor of x and h?
3
Suppose 0 = 5*k + 5, 2*u = 19*k - 14*k + 1283. What is the highest common divisor of u and 12993?
213
Let i be (-7 + (2 - -5))*1. Suppose i = -4*u + r + 277, 7*r = u + 10*r - 79. Let a(z) = 5*z - 10. Let q be a(9). What is the highest common divisor of q and u?
35
Let t = 13905 - 12834. What is the highest common divisor of 105 and t?
21
Let g(b) = -539*b + 1663. Let x be g(3). Suppose 4*c = j + 56, -4*j + 4*c - 153 = 23. Let l = x + j. What is the highest common divisor of l and 15?
3
Suppose -46*i = -43*i + 4*l - 40, 5*i = -l + 44. Let r be (-4)/16 + 81/4. Calculate the greatest common factor of i and r.
4
Let k = -15171 - -15190. Suppose 0 = -5*a - 4*s + 1247, 4*a - 973 = -0*a + 5*s. Calculate the highest common divisor of k and a.
19
Let h be 515 + -258 + 3/((-3)/1). Let n(w) = w**2 - w + 2. Let l be n(3). What is the greatest common divisor of h and l?
8
Let p(z) = z + 23. Let r be p(0). Let s(u) = -3*u**2 + 39*u - 65. Let w be s(11). Calculate the greatest common factor of r and w.
1
Let d = -15120 - -15744. What is the greatest common factor of d and 728?
104
Suppose 2*r + 8*p = 12*p + 1084, r - 4*p = 548. Let s = r - 529. What is the highest common divisor of s and 161?
7
Suppose -5*z + 2*z + f + 335 = 0, -4*f + 4 = 0. Suppose -11*v + 7*v + 5*q + 443 = 0, -q = -v + z. What is the highest common factor of 13 and v?
13
Suppose 4*h - 3*h - 4*v = 1591, -4*v = 3*h - 4773. Calculate the highest common factor of 86 and h.
43
Let x be (24/(-21))/4 - 185/(-35). Let u(m) = -5*m**2 + m + 3*m**3 + 3*m**3 + 9 + 0 - 5*m**3. Let l be u(x). What is the highest common divisor of 28 and l?
14
Let h be -3*((-30)/9)/5. Let y be h/(-3) + 220/15. Let i = -56 - -63. What is the greatest common divisor of y and i?
7
Let t = -3396 + 11609. What is the highest common divisor of t and 86?
43
Suppose -5*d + 320 = 5*i, -83 - 181 = -5*i + 2*d. Let p = 23 - -17. Calculate the greatest common divisor of p and i.
8
Let c = -24 + 48. Let h be 36/(-10)*(-2840)/1704. Calculate the highest common divisor of h and c.
6
Suppose 23 = -4*f + 43. Suppose -3*x - f*l = -135, 0*x = 4*x + 2*l - 180. Calculate the highest common factor of x and 18.
9
Let l = -56 + -41. Let f be -15*1/(-3) - l. Calculate the greatest common divisor of f and 12.
6
Let j be 2034/(-12)*(-1)/6 - 20/80. What is the greatest common divisor of j and 203?
7
Let p = 365 + -360. Suppose p*f + 792 = 13*f. What is the highest common divisor of 22 and f?
11
Let w(y) = y**3 + 22*y**2 + 21*y + 31. Suppose 3*z + 59 = 4*a, 64 = -4*z + z - a. Let f be w(z). Calculate the highest common divisor of 248 and f.
31
Suppose 0 = -311*n + 312*n - 2, n - 1476 = -2*y. Calculate the greatest common factor of y and 88.
11
Let a be 324/5*575/230. What is the highest common divisor of a and 1728?
54
Let t be 6/(-4) + 39/2. Let o = 2 + -55. Let m = 125 + o. What is the greatest common divisor of m and t?
18
Let k(m) = -8*m**3 + 2*m**2 - 1. Let v be k(-1). Suppose -r + v*r = 16. Suppose -10*n = -r*n - 248. What is the highest common divisor of n and 155?
31
Suppose 0 = -3*m + p + 21, -4*p = 16*m - 21*m + 42. Let d = -11 - -14. What is the highest common factor of d and m?
3
Suppose 4*m + 36 = -g + 48, m = -g. Suppose -8*t + 2 = -6*t, 3*i + m*t = 652. What is the highest common factor of i and 24?
24
Suppose -6*y + 15 = -5*y. Let x = 1892 - 1872. What is the highest common factor of y and x?
5
Let n = 24880 + -24815. What is the greatest common divisor of n and 3809?
13
Let w be (-3)/(6 + -